{"id":7,"date":"2018-04-16T20:00:59","date_gmt":"2018-04-16T17:00:59","guid":{"rendered":"http:\/\/rae-eelkool.ee\/?page_id=7"},"modified":"2026-03-19T13:36:12","modified_gmt":"2026-03-19T11:36:12","slug":"esileht","status":"publish","type":"page","link":"https:\/\/rae-eelkool.ee\/","title":{"rendered":"Esileht"},"content":{"rendered":"<p><strong>V\u00f5tame vastu taotlusi 2026\/2027. \u00f5ppeaastaks!\u00a0<\/strong><\/p>\n<p><a href=\"https:\/\/forms.gle\/kKMjVpy9HfH1r2QN8\">Taotlus &#8211; 5-aastased J\u00fcris<\/a><\/p>\n<p><a href=\"https:\/\/forms.gle\/gseJy5rhBUBE5ZFR6\">Taotlus &#8211; koolieelikud J\u00dcRIS<\/a><\/p>\n<p><a href=\"https:\/\/forms.gle\/qKdHCQZe9iexBbL69\">Taotlus &#8211; koolieelikud LAGEDIL<\/a><\/p>\n<p><a href=\"https:\/\/forms.gle\/AR9Nt98LdDmoW9bw9\">Taotlus &#8211; teise kodukeelega lapsed J\u00fcris<\/a><\/p>\n<p>2026\/2027. \u00f5ppeaastal on r\u00fchma suuruseks maksimaalselt 15 last &#8211; \u00fche kuu tasu on 68\u20ac (sisaldab \u00f5ppematerjale ja k\u00e4elise tegevuse vahendeid).<\/p>\n<p>Tuletame meelde, et lapsevanem saab kuutasust tulumaksu tagastuse ning Rae valla elanikel on v\u00f5imalus taotleda huvihariduse toetust (kui laps on 7-aastane).<\/p>\n\n\n<p><\/p>\n","protected":false},"excerpt":{"rendered":"<p>V\u00f5tame vastu taotlusi 2026\/2027. \u00f5ppeaastaks!\u00a0 Taotlus &#8211; 5-aastased J\u00fcris Taotlus &#8211; koolieelikud J\u00dcRIS Taotlus &#8211; koolieelikud LAGEDIL Taotlus &#8211; teise kodukeelega lapsed J\u00fcris 2026\/2027. \u00f5ppeaastal on r\u00fchma suuruseks maksimaalselt 15 last &#8211; \u00fche kuu tasu on 68\u20ac (sisaldab \u00f5ppematerjale ja k\u00e4elise tegevuse vahendeid). Tuletame meelde, et lapsevanem saab kuutasust tulumaksu tagastuse ning Rae valla elanikel &hellip; <\/p>\n<p class=\"link-more\"><a href=\"https:\/\/rae-eelkool.ee\/\" class=\"more-link\">Continue reading<span class=\"screen-reader-text\"> &#8220;Esileht&#8221;<\/span><\/a><\/p>\n","protected":false},"author":1,"featured_media":16,"parent":0,"menu_order":0,"comment_status":"closed","ping_status":"closed","template":"","meta":[],"_links":{"self":[{"href":"https:\/\/rae-eelkool.ee\/index.php?rest_route=\/wp\/v2\/pages\/7"}],"collection":[{"href":"https:\/\/rae-eelkool.ee\/index.php?rest_route=\/wp\/v2\/pages"}],"about":[{"href":"https:\/\/rae-eelkool.ee\/index.php?rest_route=\/wp\/v2\/types\/page"}],"author":[{"embeddable":true,"href":"https:\/\/rae-eelkool.ee\/index.php?rest_route=\/wp\/v2\/users\/1"}],"replies":[{"embeddable":true,"href":"https:\/\/rae-eelkool.ee\/index.php?rest_route=%2Fwp%2Fv2%2Fcomments&post=7"}],"version-history":[{"count":5,"href":"https:\/\/rae-eelkool.ee\/index.php?rest_route=\/wp\/v2\/pages\/7\/revisions"}],"predecessor-version":[{"id":467,"href":"https:\/\/rae-eelkool.ee\/index.php?rest_route=\/wp\/v2\/pages\/7\/revisions\/467"}],"wp:featuredmedia":[{"embeddable":true,"href":"https:\/\/rae-eelkool.ee\/index.php?rest_route=\/wp\/v2\/media\/16"}],"wp:attachment":[{"href":"https:\/\/rae-eelkool.ee\/index.php?rest_route=%2Fwp%2Fv2%2Fmedia&parent=7"}],"curies":[{"name":"wp","href":"https:\/\/api.w.org\/{rel}","templated":true}]}}